{"id":387,"date":"2024-08-23T09:18:32","date_gmt":"2024-08-23T09:18:32","guid":{"rendered":"https:\/\/michaelsbuch.ashub.de\/?page_id=387"},"modified":"2024-08-23T11:57:47","modified_gmt":"2024-08-23T11:57:47","slug":"krankensalbung","status":"publish","type":"page","link":"https:\/\/michaelsbuch.ashub.de\/?page_id=387","title":{"rendered":"Krankensalbung"},"content":{"rendered":"<section class=\"bde-section-387-100 bde-section\">\n              \n  \n\t\n\n  <div class=\"section-background-overlay\"><\/div>\n\n\n<div class=\"section-container\"><div class=\"bde-text-387-101 bde-text\">\nSAKRAMENT\n<\/div><h1 class=\"bde-heading-387-102 bde-heading\">\nDer Krankensalbung\n<\/h1><\/div>\n<\/section><section class=\"bde-section-387-103 bde-section\">\n  \n\t\n\n\n\n<div class=\"section-container\"><div class=\"bde-columns-387-107 bde-columns\"><div class=\"bde-column-387-108 bde-column\">\n  \n\t\n\n\n\n<h2 class=\"bde-heading-387-104 bde-heading\">\nWas genau ist eine Krankensalbung?\n<\/h2><div class=\"bde-text-387-110 bde-text\">\nDie Krankensalbung ist ein Sakrament der christlichen Kirche, das dazu dient, kranken oder alten Menschen geistlichen Beistand und Heilung zu schenken. Sie wird h\u00e4ufig in Zeiten schwerer Krankheit, vor einer Operation oder bei fortgeschrittenem Alter gespendet. Dieses Sakrament bietet Trost, St\u00e4rkung und Ermutigung durch die g\u00f6ttliche Gnade. Der Priester salbt den Kranken mit geweihtem \u00d6l und spricht Gebete, um Gottes Hilfe und Heilung zu erflehen.\n<\/div>\n<\/div><div class=\"bde-column-387-109 bde-column\">\n  \n\t\n\n\n\n\n<\/div><\/div><div class=\"bde-rich-text-387-106 bde-rich-text breakdance-rich-text-styles\">\n<p><strong>Ablauf der Krankensalbung<\/strong><\/p>\n<p><strong>1. Vorbereitung:<\/strong> Bevor die Krankensalbung gespendet wird, sollte der Patient oder die Familie Kontakt zur \u00f6rtlichen Kirchengemeinde oder zum Priester aufnehmen. Der Priester wird dann \u00fcber den Gesundheitszustand informiert und einen geeigneten Zeitpunkt f\u00fcr die Salbung vereinbaren. In der Vorbereitung wird auch besprochen, welche Gebete und Rituale w\u00e4hrend des Sakraments stattfinden.<\/p>\n<p><strong>2. Krankensalbung:<\/strong> Die Krankensalbung wird meist im Krankenhaus, zu Hause oder in der Kirche durchgef\u00fchrt. Der Ablauf umfasst folgende Schritte:<\/p>\n<ul>\n<li><strong>Einleitung:<\/strong> Der Priester beginnt mit einem Gebet und einem kurzen Gespr\u00e4ch, um die Situation des Patienten zu erfassen und Trost zu spenden.<\/li>\n<li><strong>Beichte (falls gew\u00fcnscht):<\/strong> Falls der Patient dies w\u00fcnscht und es m\u00f6glich ist, kann eine Beichte abgelegt werden, um sich spirituell auf die Salbung vorzubereiten.<\/li>\n<li><strong>Segen:<\/strong> Der Priester spricht ein Gebet um Gottes Beistand und Heilung f\u00fcr den Patienten.<\/li>\n<li><strong>Salbung:<\/strong> Der Priester salbt den Patienten mit geweihtem \u00d6l auf der Stirn und den H\u00e4nden. Dabei spricht er die Worte: \u201eDurch diese heilige Salbung gew\u00e4hre dir der Herr, der in seinem unendlichen Erbarmen dir seine Gnade schenkt.\u201c<\/li>\n<li><strong>Abschlussgebet:<\/strong> Der Priester schlie\u00dft die Zeremonie mit einem Gebet, das um Gottes Segen und Kraft f\u00fcr den Patienten bittet.<\/li>\n<\/ul>\n<p><strong>3. Nach der Salbung:<\/strong> Nach der Krankensalbung erh\u00e4lt der Patient oft einen Segen und wird von den Anwesenden mit Gebeten und W\u00fcnschen f\u00fcr eine gute Genesung unterst\u00fctzt. Die Krankensalbung kann dem Patienten nicht nur k\u00f6rperliche Heilung, sondern auch spirituellen Trost und St\u00e4rkung geben.<\/p>\n<p>Die Krankensalbung wird in Zeiten ernsthafter Krankheit oder vor einer gr\u00f6\u00dferen Operation gespendet, um dem Patienten den Beistand Gottes und die St\u00e4rke des Glaubens zu vermitteln.<\/p>\n<\/div><\/div>\n<\/section>","protected":false},"excerpt":{"rendered":"<p>SAKRAMENT Der Krankensalbung Was genau ist eine Krankensalbung? Die Krankensalbung ist ein Sakrament der christlichen Kirche, das dazu dient, kranken oder alten Menschen geistlichen Beistand und Heilung zu schenken. Sie wird h\u00e4ufig in Zeiten schwerer Krankheit, vor einer Operation oder bei fortgeschrittenem Alter gespendet. Dieses Sakrament bietet Trost, St\u00e4rkung und Ermutigung durch die g\u00f6ttliche Gnade. [&hellip;]<\/p>\n","protected":false},"author":2,"featured_media":0,"parent":0,"menu_order":0,"comment_status":"closed","ping_status":"closed","template":"","meta":{"_breakdance_hide_in_design_set":false,"_breakdance_tags":"","footnotes":""},"class_list":["post-387","page","type-page","status-publish","hentry"],"_links":{"self":[{"href":"https:\/\/michaelsbuch.ashub.de\/index.php?rest_route=\/wp\/v2\/pages\/387","targetHints":{"allow":["GET"]}}],"collection":[{"href":"https:\/\/michaelsbuch.ashub.de\/index.php?rest_route=\/wp\/v2\/pages"}],"about":[{"href":"https:\/\/michaelsbuch.ashub.de\/index.php?rest_route=\/wp\/v2\/types\/page"}],"author":[{"embeddable":true,"href":"https:\/\/michaelsbuch.ashub.de\/index.php?rest_route=\/wp\/v2\/users\/2"}],"replies":[{"embeddable":true,"href":"https:\/\/michaelsbuch.ashub.de\/index.php?rest_route=%2Fwp%2Fv2%2Fcomments&post=387"}],"version-history":[{"count":19,"href":"https:\/\/michaelsbuch.ashub.de\/index.php?rest_route=\/wp\/v2\/pages\/387\/revisions"}],"predecessor-version":[{"id":416,"href":"https:\/\/michaelsbuch.ashub.de\/index.php?rest_route=\/wp\/v2\/pages\/387\/revisions\/416"}],"wp:attachment":[{"href":"https:\/\/michaelsbuch.ashub.de\/index.php?rest_route=%2Fwp%2Fv2%2Fmedia&parent=387"}],"curies":[{"name":"wp","href":"https:\/\/api.w.org\/{rel}","templated":true}]}}